lse
Let h = -23 + 37. Let s(c) = c**2 - 15*c + 19. Let r be s(h). Let p(w) = 55*w**2 - 3*w - 3. Is p(r) prime?
False
Suppose 107*u + 945493 = 3500910 + 4626530. Is u composite?
False
Let l = 6722 + -2210. Let n = l + -3035. Is n a prime number?
False
Let q = -22535 - -45475. Suppose 4*b + 2*x - q = 0, 3932 = b + 5*x - 1785. Is b composite?
False
Let b = -130077 - -473018. Is b a prime number?
False
Suppose -2*h - 2*b = -10, -2*b = 5*h + b - 23. Suppose -k = 2*j - 923, -2*j - 2*j - 3680 = -h*k. Is k a prime number?
False
Let w(t) = 284*t**2 - 26*t + 36. Let n be w(9). Suppose 11*b - 29*b + n = 0. Is b a composite number?
True
Let h = -29 + 29. Let w be (0 - -1) + -1 + h + 4. Is -227*2/(-2) - w composite?
False
Let q(h) = -14*h - 2. Let u be q(5). Is (-48)/u + (-7130)/(-6) a composite number?
True
Let b = 453 - 562. Let l = 5850 - b. Is l a composite number?
True
Let f = -117 + 217. Let c = -102 + f. Is c/(-3) - ((-62440)/(-24))/(-5) prime?
True
Let d be (-70077)/(-63) + (-1)/3. Let s be (-14)/6*49*-3. Let t = d - s. Is t prime?
True
Let a(v) = v**3 + 8*v**2 + 10*v + 24. Let u be a(-7). Suppose o = u*o - 3904. Let b = -1009 + o. Is b a prime number?
False
Let g(v) = 1021*v**2 - 8*v - 122. Is g(-7) prime?
False
Let s = 23218 - 7679. Suppose -z - 12426 = -4*p, 7*z - 5*z = -5*p + s. Is p composite?
True
Is 2416596 + (-25 - -10) - (-1 - 1 - -6) composite?
False
Let u = -507 + 967. Is 15/(450/u)*(-354)/(-4) a prime number?
False
Is (-4)/(-10) - 38998/10*(-63)/9 a prime number?
True
Let q(g) = 2*g**2 + 18*g - 4. Let l be q(-9). Let r be 1783 - (8/(-6) + l/6). Suppose 7*a = 3724 + r. Is a a prime number?
True
Suppose 4*n + 2*n - 24 = 0. Suppose n*b = -4*r + 20, b + 20 = 5*b. Suppose 236 = d - 2*i - 433, 4*d + 4*i - 2700 = r. Is d composite?
False
Let l(v) = -3*v**2 + 15. Suppose -11*c + 14*c - 9 = 0. Let n be l(c). Let i(z) = -z**2 - 38*z + 15. Is i(n) a prime number?
False
Suppose 6682 = -5*m - 2088. Let p be (-20)/30 - m/3. Suppose -4*t + 2*t = -y - p, 5*t + 5*y = 1475. Is t a composite number?
False
Suppose 0 = -9*p - 606458 + 2009747. Is p prime?
True
Let c be (2*-9 + 1)*1. Let g(m) = -46*m + 4. Let y be g(c). Suppose -v - 2*v = -y. Is v prime?
False
Suppose -p = -5*y + 45153, 0 = 4*p + 170 - 178. Is y prime?
False
Let f = 150 + -67. Let q = f - 82. Suppose 1 + q = -c, -x + 119 = 4*c. Is x a composite number?
False
Let z = -3676 - -2397. Let l = 2186 + z. Is l prime?
True
Is (787956/(-104))/(15/(-10)) composite?
False
Let u = -9 - -14. Suppose -64 = -5*l - y, 4 = 2*l - u*y - 0. Suppose -877 = 11*h - l*h. Is h composite?
False
Let i = 1157 - 449. Suppose -3287 = -q - i. Is q composite?
False
Let c(h) = -3*h**2 + 2*h. Let o be c(1). Is 84/126*((-78382)/(-4) + o) a composite number?
False
Suppose -128*h = -68*h - 7125780. Is h a prime number?
False
Let w be (132/(-2))/(-2 + 952/469). Let m = 4433 + w. Suppose 4*a = -2*n + m, 2*n - 5*n = -a - 3326. Is n composite?
False
Let h be (-21 - 91/(-5))/(7/(-10)). Suppose -b = b - 4. Suppose 4*o - 88 - 3248 = 5*w, 0 = -h*o + b*w + 3324. Is o composite?
False
Let k = -63 + 65. Let w be 2109 - 0/(-4) - k. Suppose -w = -5*q - 4*l, -2*q = -3*l - 328 - 501. Is q a composite number?
False
Suppose -2*u + 31 = l, 3*l - u = -52 + 173. Let k = l - 38. Let f = k + 96. Is f a composite number?
False
Suppose -117027 = -2*i + 2*v + 37405, -5*v = 15. Is i a composite number?
False
Let l = 17593 + 53564. Is l composite?
True
Is 47737*(11 + -6 + -4) a composite number?
False
Let f = 1358018 - 505105. Is f a prime number?
True
Suppose 2337409 = 3*a + 2*u, -3*a + 665680 + 1671737 = 3*u. Is a prime?
True
Is ((-4691436)/18)/(38/(-57)) composite?
False
Let a(u) = -12*u**2 + 20*u + 118. Let y be a(-9). Let z = 9981 - y. Is z a prime number?
False
Let d(w) = -25*w + 129. Let k be d(-9). Suppose -j + k = -2417. Is j a prime number?
False
Let p(d) = -35392*d + 5249. Is p(-23) composite?
True
Suppose -3*j + 12 = -0. Let k(t) = 30*t**3 - 3*t**2 + 7*t - 40. Let h be k(5). Suppose -1322 = j*x - h. Is x prime?
True
Let m be 0*(-5 + (-54)/(-12)). Suppose 5*r + 1901 - 5171 = -j, -4*r + 4 = m. Is j prime?
False
Let h = 162105 - 86716. Is h a composite number?
False
Let p = -389 + -1652. Let l = p + 565. Let a = l - -2537. Is a a composite number?
False
Suppose 0 = -4*t - 2*t + 12. Suppose 3*z = -2*f - z + 47470, 5*z = t*f - 47479. Is f composite?
True
Suppose 200*f - 12179859 = 168*f - 568627. Is f a composite number?
False
Suppose 5*p + 3*c - 1630270 = 0, 2*p = -748*c + 747*c + 652109. Is p a prime number?
True
Let k = -49453 + 86852. Is k composite?
True
Let t be -8 + (-9 - -39) - 4. Let a(x) = 7*x**2 - 19*x - 79. Is a(t) a composite number?
False
Let w = -94 - -96. Suppose -20 = -c + 5*c, -4*b + w*c = -566. Suppose 17*r = 16*r + b. Is r a composite number?
False
Let l = 179665 - 63336. Is l composite?
False
Suppose 4 - 18 = -4*k + 2*r, 4*k = 3*r + 19. Is (-1 - k)*3 + -50 + 10045 a composite number?
True
Suppose 0 = -2*y - 15*y + 24990. Suppose 7*t - 28427 = y. Is t a prime number?
True
Let b = 64 + -57. Is b/((-105)/45)*886/(-6) a prime number?
True
Let b = 1223 + -668. Suppose -3*q + 5*x = -b, q - 57 - 128 = -2*x. Is q a composite number?
True
Is (((-370)/222)/(5/(-2)))/((-24)/(-61658748)) composite?
False
Is (-1039222)/6*7/2*222/(-259) a prime number?
True
Let p(r) = r**2 - 7*r - 1. Let c(l) = -64*l**2 - 72*l - 9. Let y(j) = -c(j) + 6*p(j). Is y(-9) composite?
True
Let w be (-6)/(-30) + (-1)/5. Suppose -71 - 590 = -u - p, 5*u + p - 3289 = w. Is u*((-10)/6 + 2) composite?
True
Let j(c) = c - 14. Suppose 9*p = -183 + 660. Suppose 0 = -5*t + 2*d + 2*d + 93, d = 3*t - p. Is j(t) composite?
False
Let x(j) = j**3 + 100*j**2 - 364*j - 1174. Is x(-99) prime?
False
Let w = 67 + -7. Let g = 126 + w. Suppose 2*u = -4*u + g. Is u a composite number?
False
Let v be -10*3*2/(-15). Suppose 3*a = 4*h - 14, 2*a + 8 = -2*h + v*h. Is ((-6316)/24 - 0)/(h/(-12)) prime?
True
Suppose -4*i + 5*l = -94912, 5*i - 6*i + l + 23727 = 0. Let x = -9580 + i. Is x a composite number?
False
Suppose -3 = -v, 4*v - 15*v = 5*g - 24938. Is g a prime number?
False
Let f be 6/18*(18553 - 1). Let u = f + -3501. Suppose 9977 = 2*b + u. Is b prime?
False
Let x(n) = -n**2 + 7*n. Let u be x(4). Suppose -2*b + 2*z + 3346 = 0, b + u*z = 9*z + 1673. Is b composite?
True
Let w be 33/(-231) - 36142/(-7). Let o = 9448 - w. Is o a composite number?
True
Let p = 6 + -1. Suppose 17*b + p = 18*b. Suppose b*y - 3*r - 4382 = -0*y, 4*y - 4*r - 3504 = 0. Is y prime?
True
Let m be (-1)/(-2*(-2)/(-16)). Let t(a) = -a**2 - 38*a + 317. Let p be t(7). Suppose -m*r + 4*n + 5423 = 3*n, n - 2719 = -p*r. Is r composite?
True
Let v(s) = 101*s + 11 - 51*s - 41*s + 243*s. Is v(20) a prime number?
True
Let g(r) = -22*r**3 + 14*r**2 + 51*r + 13. Is g(-16) composite?
False
Let b(j) be the second derivative of -3*j**5/20 + 5*j**4/12 + 5*j**3/3 + 5*j**2 - 5*j. Let n be (-1)/(8/(-3) - -3) + -3. Is b(n) a composite number?
True
Suppose i + 24*j = 21*j + 38968, 0 = 3*i - 3*j - 116844. Is i a prime number?
True
Let o(t) be the third derivative of 7*t**5/10 + t**4/8 + 9*t**3/2 + 37*t**2. Let k be o(-7). Let j = k + -991. Is j a composite number?
True
Suppose 0 = -g - 8 + 2. Is (-1270)/g - 2/3 a composite number?
False
Let a = 46 + -49. Let o(i) = 89*i**2 + 5. Let n be o(a). Let r = n + -117. Is r a prime number?
False
Suppose 3*x - 782 = -230. Let m = x + 1759. Is m a prime number?
False
Let u(d) = -d**3 - 7*d**2 + 17*d + 1. Let w be u(-9). Is (w + -8)*(-33608)/(-16) a composite number?
False
Suppose 3*j + 3 - 18 = 0. Suppose 4*a + 13 = 2*r + 3*r, j*r = 5*a + 10. Suppose -3*w - 1566 = -a*f, 2*f - 5*w - 279 = 750. Is f composite?
True
Is (-67432240)/(-56) + -1 + 40/(-35) prime?
False
Let n(g) = -g**2 + 8*g + 3. Let i be n(8). Suppose -p = -v + 4*v + i, -5*p = -15. Is 6990/12 + (-1)/v a prime number?
False
Suppose -12*b + 13*b - 2 = 0. Suppose 0 = b*c + 2255 - 11097. Is c a prime number?
True
Suppose 14*p = 16*p. Suppose p = -14*i + 11*i + 219. Let z = 92 - i. Is z prime?
True
Suppose 187649 = 3*i - 2*u, -86*u + 82*u = 16. Is i a prime number?
False
Let u = 107 + -98. Suppose -u = 91*y - 94*y. Suppose -3*m - m + 4*c = -25588, -4*m + 25586 = -y*c. Is m a composite number?
True
Suppose -3*y = i - 16722, 0*i = -2*i + 6